v = 25 - 23. Suppose -3*u - 12 = -p - v*p, -2*p + 12 = -u. What is the remainder when p is divided by 4?
0
Let u(j) = 5*j**2 + j - 1. Suppose 0 = 2*i + 5*a + 6, -5*i - 11 = -3*a + 4. Calculate the remainder when 243 is divided by u(i).
38
Let c be 1190/(-51) + (-2)/3. Let q = c + 63. What is the remainder when 153 is divided by q?
36
Let a(d) = -77*d + 1. Let x(f) = f. Let u(m) = -a(m) - 6*x(m). Let w = 126 + -125. Calculate the remainder when u(w) is divided by 24.
22
Let r be -2 - -8*52/8. Let d = -26 + r. What is the remainder when 94 is divided by d?
22
Suppose 0 = 2*u + 1252 - 1272. What is the remainder when 1768 is divided by u?
8
Let j(x) = x - 8. Let w = -104 + 116. What is the remainder when 17 is divided by j(w)?
1
Let j(d) = 94*d - 445. What is the remainder when 456 is divided by j(5)?
6
Let t = -1 - -1. Let x = t - -2. Suppose 0 = j - x*j + 29. Calculate the remainder when 56 is divided by j.
27
Let f = 1096 - 536. Suppose -7*h + 0*h = -f. What is the remainder when h is divided by 27?
26
Let k(i) = -4*i + 0 + 4*i**2 + 6*i + 18*i**2 + 1. Calculate the remainder when 102 is divided by k(-1).
18
Let b(o) = -3*o**2 - 12*o + 7. What is the remainder when 32 is divided by b(-4)?
4
Let c = 3 + 14. Suppose 17 = 4*k - d - 6, 4*k - 35 = 5*d. Suppose 3*a + k = 4*a. Calculate the remainder when c is divided by a.
2
Suppose -5*w = 3*q - 0*q - 26, -5*q + 6 = 3*w. Let i(h) = -22*h - 108. Calculate the remainder when w is divided by i(-5).
1
Suppose -3*y = -2*y - 37. Suppose -3*n = h - 6 - y, 0 = -5*h + 3*n + 233. Let o(p) = 2*p**2 - 6*p - 4. Calculate the remainder when h is divided by o(5).
14
Suppose -2*i + 4*i = -2*q + 24, -q = -2*i - 3. What is the remainder when q is divided by 6?
3
Let d = 35 + -25. Suppose 0 = 2*m - 2*l - 20, m + 6*l - 3*l + d = 0. Calculate the remainder when 2/(-10) - (-11)/m is divided by 1.
0
Suppose 5*k + 2*c = 88, -k + 0*c - c = -20. Let z(h) = h**3 + 9*h**2 + 11*h + 11. Let j be z(-9). What is the remainder when j/(-3) + 2/3 is divided by k?
14
Let h = 97 - 66. Calculate the remainder when 91 is divided by h.
29
Let s(d) = d**2 + 177*d + 1502. What is the remainder when s(-8) is divided by (-1 + -1)/(-2) + 38?
33
What is the remainder when 5 - (2206/(-34) - 4/34) is divided by 43?
27
Calculate the remainder when (-114)/(-18)*-2*-18 is divided by 46.
44
Let p be 122/18 + (-2)/(-9). Suppose 0 = 27*j - 26*j - 85. Suppose -p = -2*u + j. Calculate the remainder when u is divided by 16.
14
Let f be 3/12 - 47/(-4). Let a be f/9 - 2/(-3). What is the remainder when 6 is divided by (a + 0)/((-2)/(-4))?
2
Let g(y) = -y. Let o(c) = -c**2 + 5*c - 3. Let u(x) = -2*g(x) - o(x). Suppose 2*q = 6*q - 36. What is the remainder when u(-4) is divided by q?
4
Suppose -4*v + 107 = -4*k + 15, 46 = 2*v + 3*k. Calculate the remainder when 44 is divided by v.
21
Let r = -109 + 258. Calculate the remainder when r is divided by 15.
14
Suppose 0 = 9*r - 5*r - 8, -2*o + 144 = r. Calculate the remainder when 132 is divided by o.
61
Let n = 456 + -359. Suppose -5*d + 100 = -d. Calculate the remainder when n is divided by d.
22
Let c(n) be the second derivative of n**4/12 - n**3 + 3*n**2 + 10*n. Let i = -11 - -18. Calculate the remainder when 37 is divided by c(i).
11
What is the remainder when -2 - ((-97)/2)/(19/76) is divided by 60?
12
Let v = 221 + 152. Suppose -v = -4*g - 73. What is the remainder when g is divided by 13?
10
Let t be (-3 - 1)*(-25)/(-5). Let g be 45/t + (-6)/8. Calculate the remainder when 17 is divided by 5/15 - 14/g.
2
Let u(l) = -2*l + 59. Let a be u(-7). Suppose -a = -6*o - 1. Calculate the remainder when 45 is divided by o.
9
Suppose -2*g = 2*l - 14, 8*l - 3*g = 12*l - 23. What is the remainder when 269 is divided by l?
1
Let y(n) = 8*n**3 - 3*n + 3. Suppose 6*s + 4*o - 100 = s, 4*o = 5*s - 60. Calculate the remainder when y(2) is divided by s.
13
Calculate the remainder when 517 is divided by (-10 + 592/64)/((-6)/520).
62
Let o = 123 + -34. Suppose -18 = -0*x - 2*x. Calculate the remainder when o is divided by x.
8
Let u(r) = 2*r - 1. Let s be u(13). Suppose s + 47 = 9*l. What is the remainder when 23 is divided by l?
7
Let t be 54 + (0 - (4 + -1)). Let f = t - 34. Calculate the remainder when 65 is divided by f.
14
Let f(m) be the first derivative of m**4/4 + 10*m**3/3 + 3*m**2/2 - 11*m + 1. Calculate the remainder when f(-8) is divided by 19.
17
Let u = 2498 + -2043. What is the remainder when u is divided by 52?
39
Calculate the remainder when (-4)/(-6) - 872/(-6) is divided by (-185)/(-3)*375/625.
35
Suppose -3*n + 6*n - 9 = 0. Suppose -102 = -n*f + 3*s, -4*f = -2*f - s - 64. Calculate the remainder when 117 is divided by f.
27
Let o = 346 + -274. What is the remainder when o is divided by 32?
8
Calculate the remainder when 127 is divided by 4/34 + (-7770)/(-714).
6
Suppose -3*p = 2 - 8. Suppose -11 = 4*o + 5, p*o + 344 = 2*h. Calculate the remainder when h is divided by 34.
32
Let x(s) = -s - 10. Calculate the remainder when 87 is divided by x(-19).
6
What is the remainder when 30/(11 - (-364)/(-35)) is divided by 4?
2
Suppose -3*c - 15 = -6, -5*y + 15 = 5*c. Calculate the remainder when 107 is divided by y.
5
Let d(v) = v**2 + v - 3. Let c be (3 + -3)/(-3 - -1). Let p be d(c). What is the remainder when 48 is divided by 15 - ((-18)/(-3))/p?
14
Let b be -1 + (-6)/(-9) - (-13)/3. Suppose 3*m = -3*y + 101 - 14, -b*m + 110 = -2*y. What is the remainder when m is divided by 5?
3
Let b(u) = u - 2. Let p be b(5). Suppose -p*q = -2*y - y + 45, 5*q = 3*y - 35. What is the remainder when y is divided by 6?
2
What is the remainder when 122 is divided by ((-3)/(-9))/((-740)/744 - -1)?
60
Suppose 301 = -37*q + 44*q. What is the remainder when 772 is divided by q?
41
Let f be 6/4 - 66/4. Let y be (4/(-3))/((-5)/f). Calculate the remainder when (3/9)/(y/(-252)) is divided by 6.
3
Let o = 710 - 533. What is the remainder when o is divided by 66?
45
Let s be 2/4*(4 + (1 - 1)). Suppose -r - 3*r + 136 = 3*i, 0 = i + s*r - 44. Calculate the remainder when 188 is divided by i.
44
Let j be 3*3 - (-1 - 1). Suppose 8*b - 7*b = j. Calculate the remainder when 97 is divided by b.
9
Let v be 10 - (-12)/(-1 - 3). Suppose l = 2, -4*o - v = -o + 4*l. Let h(z) = -z**2 - 7*z - 2. Calculate the remainder when 13 is divided by h(o).
5
Let q(z) = 28 + 19 + 22*z - 20*z. What is the remainder when 31 is divided by q(-15)?
14
Suppose 0 = -5*g - 15, -6*g = 3*i - 9*g - 42. What is the remainder when 48 is divided by i?
4
What is the remainder when ((-176)/(-12))/((-10)/(-15)) is divided by 8?
6
Suppose -4*o = -y - 471, -3*y + 9 + 6 = 0. Let k(q) = 389*q - 1514. What is the remainder when o is divided by k(4)?
35
Suppose 0 = 4*c - 2*x + 3 + 39, 5*c + 3*x = -47. Let o = c - -11. Let z(u) = 24*u**3 + 2*u**2 - u. Calculate the remainder when z(o) is divided by 13.
12
Suppose 13*m = 8*m + 305. Let y = m - 33. Calculate the remainder when y is divided by 6.
4
Suppose -4*o - o - 115 = 0. Suppose 3*j - 119 = -2*g, g - 4 = -3. Let k = o + j. What is the remainder when 45 is divided by k?
13
Let s = 33 + -21. Suppose 1 + 1 = i. What is the remainder when i*92/(-24)*-3 is divided by s?
11
Let a(w) = -w**3 - 14*w**2 - 7*w + 4. Let c be a(-11). What is the remainder when 35 is divided by c/(-22) + 10/55?
9
Suppose -c + 12 = 2*r + 3*r, 2*r + 121 = 3*c. Suppose -2*p + 17 = -c. What is the remainder when p is divided by 10?
7
Let j = 2848 + -2826. Let q = 11 - -2. Calculate the remainder when j is divided by q.
9
Suppose 0 = 2*u - 5*n - 35, 2*u + 87 = 5*u + 4*n. Let r = 9 + -5. Suppose 2*o + 66 = m, m + 0*m - r*o - 60 = 0. Calculate the remainder when m is divided by u.
22
Suppose 114 = 2*n - 0*n. Let f = n + -93. What is the remainder when (f/14)/(6/(-42)) is divided by 7?
4
Suppose -2*l = 2*l - 4*j, 2*l - 14 = -5*j. Suppose -l*p + 148 = 30. Calculate the remainder when p is divided by 15.
14
Suppose 0 = -18*b + 11*b + 910. Calculate the remainder when b is divided by 22.
20
Let u be (1/2)/(2/128). Suppose -w = 3*w - u. Suppose t = 5*t - 116. Calculate the remainder when t is divided by w.
5
Calculate the remainder when ((-446)/8 + 4)/((-4)/16) is divided by 19.
17
Let v(h) = -34*h**3 - h**2 - 2*h. What is the remainder when v(-1) is divided by 14?
7
Let l(d) = 